 + 9. Calculate the remainder when z is divided by (3 + 0)*(-5)/(-3).
4
Suppose -3*f = -i + 18, -2*f - 20 = -3*i + 2*i. Calculate the remainder when 256 is divided by ((-780)/i)/((-1)/2).
61
Let w(z) = -z**3 - 12*z**2 - 15*z + 43. Let u be w(-8). What is the remainder when 741 is divided by (u/(-6))/(6/24)?
59
Let i(r) = 238*r - 10 + 25*r**2 + 4 - 234*r. What is the remainder when i(2) is divided by 26?
24
Let j = -832 - -868. Suppose -10*y = j - 1026. Suppose -4*d - 4*l = -l - 74, l = 2*d - 42. Calculate the remainder when y is divided by d.
19
Let h be 8/64 - (-123)/(-24). Let l(a) = 6*a**2 + 3*a - 12 - 8*a - 2*a**2. What is the remainder when l(h) is divided by 38?
37
Let t(i) = -i**2 - 6*i - 2. Let n be t(-5). Suppose x = 4*a - 115 + 25, 5*a = -5*x + 75. What is the remainder when 2/6*n - -81 is divided by a?
19
Let k(o) be the second derivative of -o**5/20 - o**4/12 - o**2 + 39*o + 2. What is the remainder when 55 is divided by k(-3)?
7
Suppose 279*y = 167*y + 56890 - 16234. What is the remainder when y is divided by 44?
11
Let w(t) = -t**2 + 17*t - 26. Let c be w(14). Let s = 59 - c. Calculate the remainder when 128 is divided by s.
42
Suppose -15 = -17*d + 379 + 167. Calculate the remainder when 956 is divided by d.
32
Let s(r) = r**3 - 13*r**2 + 5*r + 13. Let v be s(12). Let p = 87 + v. What is the remainder when p is divided by 10?
6
Suppose 0 = -4*x + 20, 2*r - 24 = -2*x + 70. What is the remainder when -1*375*((-32)/24 - 22/(-33)) is divided by r?
40
Calculate the remainder when 176/198*(-9)/2 + 642 is divided by 81.
71
Let p(t) = -t**3 + 25*t**2 + 4*t - 14. Let o be p(25). Let u = 17 + o. Let k = 109 - u. Calculate the remainder when 16 is divided by k.
4
Suppose -33*s = -274 - 122. Calculate the remainder when 513 is divided by s.
9
Let s(d) = -2*d + 11. Let t be s(6). Let g = -296 - -350. What is the remainder when g is divided by -11*1/(t + 0)?
10
Let d = 1426 - 1413. Calculate the remainder when d is divided by 63/49 + ((-6)/21 - 0).
0
Let r = -5307 - -5596. What is the remainder when r is divided by 25?
14
Let y be (1/((-8)/1070))/(1/(-4)). Calculate the remainder when y/20*((-2 - -3) + 3) is divided by 12.
11
Suppose 27*a - 462 = -346 + 370. Calculate the remainder when 1307 is divided by a.
11
Let p = 15988 + -14920. Calculate the remainder when 1079 is divided by p.
11
Suppose -1056 - 4877 = -2*w - 15*w. What is the remainder when w is divided by 175?
174
Suppose -2*k = -11 - 11. Suppose 18832 = 5059*p - 5015*p. Calculate the remainder when p is divided by k.
10
Let n = 112 - 97. Calculate the remainder when 39 is divided by 126/n*45/18.
18
Let h(m) = -m**2 + 20. Let g(w) = -770 + 390 + 432 - 8*w. Calculate the remainder when h(0) is divided by g(4).
0
Let y(n) = -n**3 + 2*n**2 + 4*n - 46. Calculate the remainder when 975 is divided by y(-5).
103
Suppose -192 = -5*d - 4*c + 1407, -4*c + 953 = 3*d. Let v = 329 - d. Calculate the remainder when v is divided by (8/6)/(2/6).
2
Let h = -3259 - -3351. Calculate the remainder when 449 is divided by h.
81
Let c(s) be the first derivative of s**4/4 + 11*s**3/3 - 29*s - 45. What is the remainder when c(-9) is divided by 17?
14
Suppose 0 = 10*m - 4*m - 84. Suppose -10*k - 48 = -m*k. Let p = 12 + k. What is the remainder when 94 is divided by p?
22
Suppose -23 + 9 = -2*b. Suppose 7*t - 28 = -b. What is the remainder when 24 is divided by 25/t + (-4)/(-6)?
6
Let r(y) = 16*y - 4. Let b be r(10). Suppose -3*w + 3*v = -18 - 36, 0 = -v. What is the remainder when (-4)/w + b/(-81)*-24 is divided by 24?
22
Let o = -9761 + 10400. Calculate the remainder when o is divided by 362.
277
Let x(l) = 2*l + 90. What is the remainder when (48/14 - 18/42) + 24 is divided by x(-39)?
3
Let l(f) = 4*f**3 + 9*f**2 - 15*f - 44. What is the remainder when 23099 is divided by l(3)?
99
Let x(m) be the third derivative of m**5/30 - m**4/24 - m**3/6 - 4*m**2. Let o be x(2). Suppose 10*h = o*h + 625. What is the remainder when h is divided by 21?
20
What is the remainder when 276 is divided by (-192)/(-2) - 67/((-1675)/(-150))?
6
Let p(l) = -61*l**3 + 2*l**2 + 9*l + 12. Calculate the remainder when p(-3) is divided by 13.
12
Suppose -56*s + 951 = -43*s - 674. What is the remainder when 372 is divided by s?
122
Let w = 931 - 593. Let a = -196 + w. Calculate the remainder when a is divided by 36.
34
Let b = 767 + -707. Calculate the remainder when b is divided by (-76)/(-8) - (-3)/6.
0
Suppose 16*y - 63 = 7*y. Calculate the remainder when 113 is divided by (2/y + (-326)/14)/(-1).
21
Suppose -49*d + 3960 = -38*d. Suppose -39*a = -810 - d. What is the remainder when 66 is divided by a?
6
Suppose 2*t - 14 = 0, 20*z - 25*z + 5*t = -6090. What is the remainder when z is divided by 10?
5
Suppose 61*u - 40*u = 0. Let l(x) = -x**3 - 5*x**2 + 3*x - 4. What is the remainder when 37 + (u + 9 - 7) is divided by l(-6)?
11
Suppose -72*q + 1768 + 752 = 0. Suppose -7*v + 963 + 1473 = 0. Calculate the remainder when v is divided by q.
33
Let n = 14 + -18. Let h be (-18 - -8)*2/n. Suppose -h*q = y - 1 - 29, 0 = -q - 3. What is the remainder when 89 is divided by y?
44
Let r = -35 + 128. Let j = r + -81. Let l = -70 + 140. What is the remainder when l is divided by j?
10
Suppose -8*d + 158 = y - 4*d, -2*d - 176 = -y. Let i be 1/2*(0 + y). Suppose 0*m = 5*m - i. Calculate the remainder when m is divided by 9.
8
Let v be (-417 + 0)*2/(-3). Let m = v - 180. Suppose -40*y + 35*y + 125 = 0. What is the remainder when m is divided by y?
23
Suppose -6*v = 13 - 211. Suppose b = 2*m - 11, -3*b + 5*b + 14 = 2*m. What is the remainder when 2 + b - (1 - 164) is divided by v?
30
Let g(i) = -36*i + 3. Let n be 35 + 9 - (-8 - -3). What is the remainder when g(-3) is divided by n + 1 + (4 - -2)?
55
Suppose 39*g - 1795 + 341 = 2836. What is the remainder when 388 is divided by g?
58
Let s be 6 - 3/5*5. Let v be (3 + -2)*(32 + s). Let j = -6 + v. What is the remainder when 84 is divided by j?
26
Suppose 4*z - 8*z = -560. Suppose 0 = 4*n - 12, n - 10733 + 10698 = -0*b - 4*b. What is the remainder when z is divided by b?
4
Let r = 677 + -668. Suppose 5*s - r - 11 = 0. Calculate the remainder when 13 is divided by s.
1
Suppose -4*k + 3*t + 3 = -77, -4*k + t = -72. Suppose -a = w - 32 - 7, 3*w = 6. Suppose 4*h - a = 87. Calculate the remainder when h is divided by k.
14
Let x(j) be the first derivative of -115*j**2/2 + 44*j - 9. Calculate the remainder when x(-5) is divided by 69.
67
Suppose 2*d = -2*r + 50, -13*r + 6*r + 55 = 2*d. What is the remainder when 1629 is divided by d?
21
Let q = -49 - 81. Let y = q + 197. What is the remainder when y is divided by 36?
31
Suppose 5*n + 2*q = 4 + 11, -4*n - 5 = 5*q. Suppose 671 = 16*h - n*h. Calculate the remainder when h is divided by 15.
1
Let f(q) = -275*q - 323. Calculate the remainder when f(-3) is divided by 147.
61
Let u(b) be the third derivative of -5/24*b**4 + 0 + 1/12*b**5 - 2/3*b**3 + 0*b - 8*b**2. Calculate the remainder when u(-3) is divided by 19.
18
Let d(q) = 8*q + 99. Let n be d(-12). Suppose -2*h = -n*m + 48, -m - 4*h = -9*h - 29. Calculate the remainder when m is divided by 9.
5
Suppose 7*b = 4*h + 8*b - 55, -3*h = 4*b - 51. What is the remainder when 31 + -3 + 8 + -2 is divided by h?
8
Suppose 1 - 3 = -2*u + 4*g, -u - 1 = -3*g. Suppose -w = 4, u*y - 237 = 4*y - w. What is the remainder when y is divided by 22?
21
Suppose -5*w + 4*w = 4*g - 5, -2*w + 10 = g. Suppose 0 = -4*b - 13 + 29, w*b + 334 = 2*k. Calculate the remainder when k is divided by 45.
42
Let z(u) = 407*u**3 + 4*u**2 + 6*u + 1. Let x be z(-1). Let h = x + 500. Let r = 28 + 5. Calculate the remainder when h is divided by r.
26
Let k(w) = -2*w + 8. Let t be k(16). Let m be (252/t)/((-1)/(-6)). Let v = 1 - m. What is the remainder when v is divided by 13?
12
Let c be (8/6)/(6/1089 + 0). Suppose j = 2, -8*x + 3*x = j - c. Let z(n) = -n**2 + 14*n - 23. What is the remainder when x is divided by z(10)?
14
Suppose -48*q = -35*q + 10751. Let d = q - -863. Suppose -2*i + 318 = i. What is the remainder when i is divided by d?
34
Let k = 14 - -2. Calculate the remainder when k is divided by (-14)/(4 + -2) - (1 - -16)*-1.
6
Suppose x = -3*s + 2710, -1820 = -194*s + 192*s - 4*x. What is the remainder when s is divided by 115?
97
What is